-1 - s - 5/(-1). Let w(o) = 0*o - o - k*o + 3*o. What is w(-4)?
4
Let q = 10 - 4. Let m(l) = -l**3 + 5*l**2 + 9*l - 8. What is m(q)?
10
Suppose 4*s = 2*s. Let y(x) = 2 + x + 0*x - 1 + s*x. Calculate y(4).
5
Let p(m) = m**2 + m + 1. Let j(f) = 2*f**2 + f + 2. Suppose 2*s + 3 = 9. Let h(b) = s*p(b) - 2*j(b). Let d(t) be the first derivative of h(t). Determine d(-3).
7
Let t = 0 - 0. Let y be (-2)/(-7) - 12/42. Let k(s) = y + 3 + 1 - s**3. Determine k(t).
4
Suppose 3*o - 3 = -0. Let x(f) = -6 - 4 + o + 2 + f. Let k be x(8). Let g(a) = 7*a**2 + a - 1. Give g(k).
7
Suppose 5*w + 3 = 38. Let v(i) = i**2 - 10*i + 6. Give v(w).
-15
Let i(l) = l**2 - 7*l + 6. Let b be 136/(-10) - 2/5. Let m be 4/(-14) - 4/b. Suppose m = 4*h + 4, 4*u - 7 = -h + 16. Give i(u).
0
Let n(k) be the first derivative of k**3/3 - 3*k**2/2 + 4*k + 1. Calculate n(4).
8
Let u(f) = -8 + 0*f + 2*f - f. Let o be u(11). Let d(g) = 0 - 3*g - 4 + 1 + 0 - 3*g**2 - 2*g**o. Give d(-2).
7
Let j(h) = h - 3. Suppose -3*u + 8*x = 3*x - 34, 4*u = 3*x + 27. Determine j(u).
0
Let l(m) = 6*m - 8*m**3 - 7*m**2 + 8*m**3 + m**3 - 4. Let i be ((-4)/(-3))/(2/9). Determine l(i).
-4
Let g be (-132)/(-21) + 8/(-28). Let q be 119/35 - g/(-10). Let r(v) = v**2 - 4*v + 4. What is r(q)?
4
Let k(f) = -10*f**2 - 5*f - 6. Let a(o) = 19*o**2 + 9*o + 11. Let m(w) = 6*a(w) + 11*k(w). What is m(1)?
3
Suppose -5*m = -4*m - 2. Let g = m + 0. Let q(b) = 0*b + b**2 + 0*b**g - b - 1. Determine q(-1).
1
Let r be (-2)/9 + (-113)/18 + 7. Let d(p) be the third derivative of 3*p**2 + 0*p - 1/6*p**4 + 1/20*p**5 + 0 + r*p**3. What is d(2)?
7
Let n be -5 + 0/((-4)/(-1)). Let v(w) = -5*w + 8. Suppose 5*h - 3 - 12 = 0. Let a(g) = 2*g - 3. Let f(r) = h*v(r) + 8*a(r). Calculate f(n).
-5
Suppose -4*g + m = -3*m + 20, 2*g - 5*m = -19. Let j(f) = 2*f**2 + 4*f + 3. Determine j(g).
3
Let a(f) be the third derivative of f**5/60 + 3*f**4/8 + 5*f**3/3 - 7*f**2. Give a(-7).
-4
Let b(p) be the first derivative of p**2/2 - 5*p - 1. Let a be b(0). Let y(z) = z - 1. Give y(a).
-6
Let q(m) be the first derivative of m**5/60 + m**3/3 - 3*m**2/2 - 4. Let p(x) be the second derivative of q(x). Determine p(-3).
11
Let u(t) = -3 - 2*t + t + 8 + 4*t. Calculate u(-4).
-7
Let j(d) = -d + 15. Let s be j(13). Suppose 0 = 3*z + v + 2 - 12, -5*v = -s*z - 16. Let q(w) = -w**3 + 2*w**2 - 2*w. What is q(z)?
-4
Suppose 39 = -4*z + z. Let s = 9 + z. Let b(x) = 4*x**2 + 4*x**3 - 3*x**3 + 0*x**3 - x - 5. What is b(s)?
-1
Let t = -8 - -5. Let c be -4 + 3/(-9)*t. Let u(z) = -z**3 - z**2 + 8*z + 7. Let s(b) = 2*b**3 + 2*b**2 - 17*b - 15. Let n(g) = 4*s(g) + 9*u(g). What is n(c)?
9
Suppose 0*r + 12 = 3*r. Let n be (2 - r) + 1 - -1. Let p(q) = -q**3 - q**2 - 5. Calculate p(n).
-5
Let n(l) = -l**2 + 8*l + 2. Let i(d) = -1. Let k(b) = -2. Let r(c) = -3*i(c) + 2*k(c). Let f(w) = -n(w) + r(w). Determine f(5).
-18
Let k(f) = -f**3 + 6*f**2 - 5*f + 6. Let z be -4 - -7 - (1 + -6). Let w = z - 3. What is k(w)?
6
Let f(p) = -p**3 - 2*p**2 + 3*p - 1. Let x(o) = -3*o**3 - 7*o**2 + 10*o - 4. Let s(m) = 8*f(m) - 3*x(m). Give s(-6).
4
Let f(b) be the third derivative of b**7/1260 + b**6/720 + b**5/10 + 5*b**2. Let i(y) be the third derivative of f(y). What is i(-3)?
-11
Suppose -13 - 7 = -5*g. Let q(u) = -5*u**3 - 13*u**2 - 3*u + 12. Let t(n) = -3*n**3 - 7*n**2 - n + 6. Let b(z) = g*q(z) - 7*t(z). What is b(4)?
2
Let w(y) = 5*y + 4. Let n(k) = -3*k + 1. Let o(c) = 6*c - 3. Let g(f) = -9*n(f) - 4*o(f). Let a(d) = 7*g(d) - 5*w(d). Determine a(-1).
5
Let d = 3 - -1. Let l = -12 - -20. Let x(y) = -l + 3*y + 0*y - 2*y. Calculate x(d).
-4
Let f(t) = -4*t + 0 + 3*t + 4 - 1. Let c = 9 - 7. Calculate f(c).
1
Let k(r) = -r**2 + 7*r. Let z(w) = 3*w**2 - 20*w - 1. Let d(o) = 8*k(o) + 3*z(o). What is d(-2)?
9
Suppose -41*b - 42 = -38*b. Let l(a) = a + 11. Determine l(b).
-3
Suppose 5*r + 4*y = -68, 0 = 4*r - 3*y + 11 + 31. Let k be (-3)/r + (-14)/(-8). Let s(u) = 3*u**2 - 2*u - 2. Determine s(k).
6
Let z(b) = 204*b + b**2 - 5 - 207*b + 5. Let a(j) = -4*j**3 + j**2 + 2*j + 1. Let n be a(-1). Give z(n).
4
Let r be (0 + 1 - 0)/(-1). Let q be (-20)/(-11) + 16/88. Let v(g) = -g - 2*g**q - 4 - 7*g**2 + 4 - 1. Calculate v(r).
-9
Let t(q) = q + 1. Suppose 0 = 2*p - p + 1. Let m be 2 - ((-4)/1 - p). Calculate t(m).
6
Let g = -71 - -70. Let z(a) = a**3 - a**2 + 1. What is z(g)?
-1
Suppose -4*r + 6*r + 22 = -4*p, 0 = 5*r + p + 19. Let m(h) be the second derivative of h**5/20 + 5*h**4/12 + h**3/2 - 3*h**2/2 - 5*h. What is m(r)?
6
Let h(i) = i**2 - 3 + 3*i - 3*i + 3*i. Let u = 4 + -2. What is h(u)?
7
Let t(s) = s**3 + 4*s**2 + 3*s - 2. Let b = 8 + -11. Give t(b).
-2
Let v(y) = y**3 - 4*y**2 - 5*y - 4. Let t be (-27)/(-5) - 16/40. Give v(t).
-4
Let k = 26 - 16. Let y(f) = -f + 11. Let x be y(k). Let z(p) = -5*p + 1. What is z(x)?
-4
Let b(k) = -k - 6. Let x be b(-4). Let s(o) = 2*o - 1. What is s(x)?
-5
Let w(g) = -g**2. Let k(o) = 9*o**2 + 5*o + 3. Let y(q) = -k(q) - 4*w(q). Calculate y(-3).
-33
Let j(m) be the first derivative of m**2/2 - 6*m + 40. Calculate j(6).
0
Suppose -4*v = -5*q - 7, q - v - 3 + 4 = 0. Let r(p) = 9*p**2 + 2*p - 7. Let t(u) = 4*u**2 + u - 3. Let i(c) = -3*r(c) + 7*t(c). What is i(q)?
6
Let i(r) be the first derivative of r**2/2 - 1. Let c(k) = -k + 9. Let s be c(9). Let o be (2 - s) + 0 - 6. Calculate i(o).
-4
Let f(c) = c + 4. Let w be f(-3). Let u(b) = -w + 5*b - 6*b + 4 + b**3 + 3*b**2. Determine u(-3).
6
Let c = 18 + -14. Let o(g) = -g**2 + 4. What is o(c)?
-12
Let o(t) be the third derivative of -t**8/6720 - t**7/630 + t**6/144 + t**5/120 + t**4/24 - 5*t**2. Let p(v) be the second derivative of o(v). What is p(-5)?
1
Let y(i) = i - 7. Let d(x) = 5 + 3*x + 7 + 9 - 6*x. Let j(v) = 3*d(v) + 8*y(v). Calculate j(3).
4
Let j(k) = k - 1. Let h(t) = -t**2 - 10*t + 10. Let p(a) = h(a) + 6*j(a). Determine p(-4).
4
Let j(p) = p**3 - p**2 - 4*p + 2. Let q(b) = -b + 24. Let l be q(21). Give j(l).
8
Let v(i) = 3*i + 0*i**2 + 1 - i**2 - 4. Let q be ((-4)/3 - 0)/((-20)/60). Give v(q).
-7
Let a(o) = 2*o - 4. Let n be 9/2 + 2/4. Give a(n).
6
Let z be 4/4*9*-1. Let q be 13/3 + 3/z. Let o(h) = h**2 - 2*h - 1. Determine o(q).
7
Suppose -s - 3 + 0 = 0. Let c(u) = u**2 + 2*u - 2. Calculate c(s).
1
Suppose 10 = -2*p + 4*z, -p + 3*z - 7 = p. Suppose 2*q + 1 + p = 0. Let f(o) = -10*o**3 - 2*o - 1. Determine f(q).
11
Let z = -11 - -5. Let t(y) = 6*y + 13. Let p(i) = 7*i + 13. Let c(b) = 5*p(b) - 6*t(b). Determine c(z).
-7
Suppose -9*l = -6*l - 12. Let y(b) = 4*b - 6. Determine y(l).
10
Let h(t) = -t**2 + 9*t + 8. Let y be (-3 - -13) + 0/1. Let i be h(y). Let k(v) = 3*v + 3. Give k(i).
-3
Suppose 3*c + 1 = -5*q - 6, -4*q - 3*c = 8. Let l(f) be the first derivative of 0*f**2 + 5/3*f**3 + 0*f + 3. What is l(q)?
5
Let j(w) = 3*w - 4. Let q be j(3). Suppose c = q*p - 68, -c + 3 = 1. Let s be ((-12)/p)/(3/21). Let x(d) = -d**2 - 8*d - 7. Give x(s).
5
Let d(h) = h**3 + 8*h**2 - 9*h + 7. Let u be d(-9). Let p = u + -7. Let b be (2 - p) + -5 - 2. Let j(f) = -f - 2. Calculate j(b).
3
Let w = 6 + -6. Suppose 0 = -4*m - w*m + 44. Let x be m/(-3) - 5/15. Let p(t) = -2*t**2 - 5*t + 4. Determine p(x).
-8
Suppose -45 = -4*u + u. Suppose -u = -7*o + 4*o. Let f(z) = -z + 11. What is f(o)?
6
Let u(g) = -g + 6. Let k be (9 - 0) + (5 - 7). Give u(k).
-1
Let f(o) = 2*o - 81*o**2 + o**3 - 5*o - 3*o + 87*o**2 - 3. What is f(-7)?
-10
Suppose 1 - 25 = 6*c. Let n(z) = z**2 + z - 5. Give n(c).
7
Let i(b) = -b - 4. Let m be i(-4). Let t(q) = -24 + 14 + q**2 + 5. Give t(m).
-5
Let d(n) be the second derivative of n**5/20 + 2*n**4/3 - 7*n**3/6 + 11*n**2/2 - 3*n + 8. Give d(-9).
-7
Let z = 3 - 4. Let d = 6 + z. Let h(a) = -10*a - 2. Let p(f) = 7*f + 1. Let k(q) = d*h(q) + 7*p(q). Calculate k(0).
-3
Suppose 0 = 5*k - 0*k - 55. Let u = k - 7. Let c(b) = -b**2 + 2*b + 4. What is c(u)?
-4
Let z(m) = 15*m**3 + 23*m**2 + 6*m + 1. Let w(b) = 7*b**3 + 11*b**2 + 3*b + 1. Let u(i) = -13*w(i) + 6*z(i). Determine u(-5).
8
Let u be (0 - (-6 + 4)) + 2. Let b(d) = d**3 - 5*d**2 + 4*d. Calculate b(u).
0
Let r(q) = 3*q - 3. Let w be r(2). Let t be (w + -4 - -1)/(-2). Let s(n) = -n + 1. Determine s(t).
1
Let o(g) = -g**2 + 5*g - 8. Let f(a) = -a. Let p(j) = -2*f(j) + o(j). Let c = 15 + -9. Calculate p(c).
-2
Suppose -5*g - 3 + 33 = 0. Let p(m) = -7*m*